 3*w - 8*x + 11*x - 185241 = 0. Is w a prime number?
True
Is 344/(-84) - -4 - (-18)/(-756)*-39675346 prime?
True
Suppose -14*i + 65 = -i. Suppose -3*n = i*s - 21 - 6, 3*s + 4*n = 14. Is (s/2)/(4/((-21220)/(-15))) composite?
False
Suppose -5*w - 2043 = -l - 0*w, -2023 = -l + w. Is l a composite number?
True
Let w be -13 - 361 - 1*2. Let q = 613 + w. Let g = 182 + q. Is g prime?
True
Let o(p) = p**2 + 2*p + 35. Let u be o(0). Is 9909 + -1 + u/(-5) prime?
True
Let d be (-440)/(-36) - 2/9. Let a(m) = 20*m + 19. Let b be a(d). Suppose -3*c = -2*c - b. Is c prime?
False
Let p(c) = -158 - 158 - 12*c + 312 + 9*c**2. Let l be p(-18). Suppose 0 = -9*f + f + l. Is f a composite number?
True
Let c = -110 - -125. Let q(y) = 18*y**2 + 8*y - 4. Is q(c) composite?
True
Let d = 3975 + -1208. Is d prime?
True
Let n(f) be the second derivative of f**5/20 - 5*f**4/4 + f**3/6 - f**2 - f. Let a = 1818 - 1798. Is n(a) a composite number?
True
Suppose -2*z + 26835 = -3*p + 3563, 0 = -4*z - 5*p + 46522. Is z a composite number?
False
Suppose 431732 = 9*f - 192904. Suppose -43*t = -106767 - f. Is t a composite number?
True
Let o be (3 - 2)*(4 - 3). Suppose 0 = -g + o - 5. Is -26*((-63)/6 + g) a prime number?
False
Suppose i - 17 = 1. Let p be (-100)/(-120) - (-5)/30. Is ((-1 - -2) + p)/(i/6633) composite?
True
Let z = 218 + -217. Let x(n) = 144*n**2 + 3*n - 4. Is x(z) a composite number?
True
Let j be ((4 - 9) + 4)*(-3 - 3). Is (-2174)/((j/(-4))/((-45)/(-60))) a composite number?
False
Let z(l) = 9*l**3 - 40*l**2 - 66*l - 56. Is z(27) composite?
True
Suppose -11*r + 2 = -12*r. Let n = 1118 + -776. Is (n/(-54))/(r/30) composite?
True
Let z(u) = -u**3 + 4*u**2 - u - 8. Let f be z(3). Is (-4)/f*((-3535)/(-14) - 3) a prime number?
True
Let n = 1025057 + -500154. Is n a prime number?
False
Let n(z) = 9*z + 49. Suppose m - 5*m - 5*b = -52, 0 = -5*b + 20. Let u be n(m). Let g = u - -630. Is g a composite number?
False
Suppose 172223 + 188995 = -39*z. Let c = z - -51077. Is c a prime number?
False
Let c = -3 + 10. Let v(x) = 24*x**2 - 6*x + 8. Is v(c) a prime number?
False
Let s(p) = 387*p - 26. Let i be s(-3). Is i/2*(-3 + -7) a prime number?
False
Let n be 1/3 + 208/6. Let d be 23781/(-21) - (-15)/n. Let p = -459 - d. Is p composite?
False
Let v = 74 + -46. Suppose 4*t + v = -2*j, -4*t - 4*j = 16 + 20. Is 2 + (-5)/t - -88 composite?
True
Suppose -372 = 7*p - 171865. Is p prime?
True
Suppose -644 - 3254 = -2*n. Suppose 77 = 23*x + 31. Is (0 - n)*(-2)/x a composite number?
False
Let b = 13510 + 66237. Is b composite?
True
Suppose -20*t + 694626 = -680927 - 721707. Is t prime?
False
Suppose 3 = -12*s + 27. Suppose 2*f = 6 - s, -5*k - 4*f + 12193 = 0. Is k composite?
False
Let f(z) be the second derivative of -z**5/20 + z**4/3 - z**3/2 + z**2 - 3*z. Let l be f(3). Suppose -l*b = -296 - 662. Is b a composite number?
False
Let u = -5970 - -37985. Suppose 86*d + u = 91*d. Is d a prime number?
False
Suppose -5*t + 228 = -157. Let p(u) = -19*u - 21 + 14*u - t*u - 34*u. Is p(-8) composite?
False
Suppose 3*f + 46841 - 659334 = -7*p, 0 = -3*p + 2*f + 262497. Is p a composite number?
True
Let j be -3 + 9 + (0 - 1 - 3). Suppose j*o - 2220 - 78 = 0. Suppose -6*z = -7*z + 2, 0 = -x + z + o. Is x a composite number?
False
Suppose 0 = -21*q - 0*q + 187719. Suppose -q = -9*p + 2*p. Is p a composite number?
False
Let p(t) = t**3 - 17*t**2 - 14. Let j be p(17). Let f(i) = i**3 + 15*i**2 - 3*i + 1. Let c be f(j). Suppose -3*q + 2962 + c = 0. Is q prime?
False
Let d = -60 - -62. Suppose d*o + 3860 = -2*o. Let m = o + 1494. Is m composite?
True
Let d(b) = -b**2 + 11*b. Let p be d(11). Suppose 5*f + 5*r = 535, p = 6*r - 4*r - 10. Suppose f = 9*h - 7*h. Is h a prime number?
False
Is 44/(-99) - (-4353139)/(-63)*-1 prime?
False
Suppose 50515 + 151630 = 3*n - 2*p, -2*n + 4*p + 134742 = 0. Is n a prime number?
False
Let r(j) = -j**2 - 9*j - 3. Let f be r(-8). Let k be (-7204)/f*(30 + -20). Is (-4)/7 - k/28 prime?
False
Suppose -x + 4*x = 0. Suppose 3*a - 40*f + 45*f - 21 = 0, -f = 4*a - 11. Suppose x = a*m + 6, -4*m = 5*n - 9*n + 1280. Is n a prime number?
True
Let z = 48 + -63. Let v be 4/(-6) - 10/z. Is 2/8*v - -1735 a composite number?
True
Is (1456337/(-138) - -20)/((-2)/12) composite?
False
Suppose 3*n = -7*s + 2*s + 2614, 0 = 3*n - 9. Suppose -c + 3055 + s = 0. Is (-2)/(-4*4/c) a composite number?
True
Let h = 259 - 253. Suppose 6039 = -h*t + 84225. Is t prime?
False
Suppose -5*j - 4 = -3*j + 4*x, -j + 2*x + 10 = 0. Suppose -2*f + f = j*n - 8471, -5*n = 4*f - 10575. Is n a prime number?
False
Suppose -105559908 + 20729256 = -324*v. Is v prime?
True
Let s(f) = -59*f + 20. Let a(k) = 78*k - 19. Let o(u) = 5*a(u) + 6*s(u). Let t be ((-26)/(-3))/(4/6). Is o(t) a prime number?
False
Suppose -3*v = -2*o + 6680 + 63285, 5*o - 4*v = 174909. Is o a prime number?
True
Suppose j = -2*p + 5845, 2*j = 595*p - 597*p + 11702. Is j composite?
False
Suppose 5*s - 2*k = 588097, 7 = -3*k - 11. Is s prime?
True
Let q = 344451 + 1618010. Is q prime?
True
Suppose -i + 776798 = -3*x, 0*i + i = 4*x + 776797. Is i prime?
True
Let m(q) = -7992*q**3 + 2*q**2 + q. Let j(p) = -21*p - 43. Let g be j(-2). Is m(g) prime?
True
Let n(a) be the second derivative of 7*a**4/8 - 7*a**3/6 - 10*a**2 + 16*a. Let y(p) be the first derivative of n(p). Is y(4) a prime number?
False
Let v = 129 + -137. Let h(k) = 18*k**2 + 41. Is h(v) a prime number?
True
Suppose -t + 9295 = v, v + 1072 = t + 10363. Is v a prime number?
True
Is 102*5 + (26 - 39) a composite number?
True
Suppose 185*n - 3976768 - 6926577 = 0. Is n composite?
False
Suppose 0 = 91*v - 39*v - 2111668. Is v a prime number?
True
Let k(l) = -9*l + 17. Let b be k(3). Let t be 4/2*(-8 - b). Suppose -13336 = -t*x - 1884. Is x prime?
False
Suppose v - 7*f = -3*f + 16, 5*v + 2*f = 14. Suppose -3*n = -3*y + 35016 + 135, -5*y - v*n = -58603. Is y a composite number?
False
Suppose 5*i - 4*f = 4, -4 = i - f - 5. Let n(s) = 56*s + 6521. Is n(i) prime?
True
Suppose -5 = z, 3*z - 41 = -4*v + 4*z. Suppose -3*j + 4738 - 895 = -2*t, v = 3*t. Is j a composite number?
False
Suppose 2*o = -4, -4*s = 2*o - 168927 - 32313. Is s a composite number?
False
Suppose 81013375 = 159*b + 596104. Is b composite?
True
Let q(n) = 3*n - 1. Let k be q(1). Suppose v - 766 = 2*f, 2*f + 5*v + 1560 = -k*f. Let y = 804 + f. Is y prime?
True
Let l(q) = -q**2. Let y(i) = -i**2 - 56*i - 29. Let a(r) = -2*l(r) - y(r). Is a(30) composite?
False
Let v(c) = -25*c**3 - 4*c**2 - c - 10. Let y be v(-8). Let n = 21104 - y. Suppose -5*t - 1877 = -n. Is t prime?
False
Let d(n) = -12*n - 8. Let f be d(-3). Let t = 6 + f. Is (-4)/t + (-25614)/(-102) a prime number?
True
Suppose -9*a - 2010 = -15*a. Let g(m) = m**3 + 6*m**2 - 7*m - 8. Let y be g(-10). Let s = a - y. Is s a composite number?
False
Let b(z) = -11*z**3 - 3*z**2 + 6*z - 8. Let l be b(-5). Suppose -5*f - 3*p + l = -3233, 2*f - 3*p = 1798. Let q = f - 570. Is q prime?
False
Suppose -4*g + 3*g + 1813 = 0. Let z = 4520 - g. Is z a composite number?
False
Suppose -3*a = -490 + 7. Let r be -7 + (19/(-38))/(1/(-194)). Let g = a - r. Is g a composite number?
False
Suppose 17738 = 5*i + 5*h - 204022, -4*i + 177406 = 2*h. Is i composite?
False
Suppose -t - 5680 = 5*p, 11*p = -3*t + 15*p - 17116. Let s = 9659 + t. Is s a prime number?
False
Suppose 39*t + 14070 + 6676 - 615535 = 0. Is t composite?
True
Suppose 11 = -14*q + 277. Suppose -16156 = -4*l - 5*c - 2251, -5*l + 17394 = 2*c. Suppose q*w - 757 = l. Is w a prime number?
True
Let i = -25 + 118. Suppose 0 = 5*q + n + 83, -5*q - 5*n - 80 = 15. Let l = i + q. Is l a prime number?
False
Let q be ((-258)/(-9))/(-2) + (-12)/18. Let i(p) = p**2 + 8*p - 10. Let f be i(q). Is (-36)/24 - f/(-2) a composite number?
True
Suppose 0 = -2*b - 1718 + 7908. Let v = b + -881. Suppose 447 = r - 4*y, y - v = -r - 4*r. Is r prime?
True
Is (-145 - 15)*-584 + -9 prime?
False
Let q(j) be the third derivative of 521*j**7/5040 - j**6/720 - j**5/20 + 5*j**2. Let s(p) be the third derivative of q(p). Is s(2) composite?
True
Let z be 5/3*(-2 + -2 + 7). Let b(w) = 6*w**2 - 7*w + 2. Let g be b(z). Is (29 + 0)/(9/g) composite?
True
Let i = -27 + 44. Suppose 8 - i = -3*b. Suppose 2*u = b*u - 127. Is u a composite number?
False
Let c(x) = 110*x**3 - 8*x**2 